 94*g - 1 - 57 + 110*g. Calculate d(9).
41
Let b(j) = j - 12. Let v = -113 + 177. Suppose -5*l - 29 + v = 0. What is b(l)?
-5
Suppose 40 = 21*t - 13*t. Let m(b) = -4 + 7*b**2 + 0 + t. Let f(y) = -y**3 - 2*y**2 + y + 1. Let i be f(-1). Calculate m(i).
8
Let o(w) be the second derivative of w**7/2520 - w**6/180 - w**5/24 + w**4/6 - w**3/6 + w + 3. Let r(x) be the third derivative of o(x). Determine r(7).
16
Let h(f) be the second derivative of -11*f**5/20 - f**4/6 - f**3/3 - f**2/2 + f. Let v be 8/(-6) + (-54)/(-162). What is h(v)?
10
Let m(k) = 2*k + 1. Let n be (-3)/5 + (-24)/60. Let r be (0/(-1)*n)/1. Suppose -5*y = -2*u - 13, -u + 0*u + 3*y - 8 = r. Calculate m(u).
3
Let f(x) = 32*x + 34. Let z(j) = -245*j - 269. Let g(i) = 23*f(i) + 3*z(i). Give g(4).
-21
Let p(x) = -x**3 - x**2 + 6. Let t be p(0). Suppose 0 = -2*f - 11*f + 26. Let d(o) = 0*o - 2*o**2 + 2 + f*o**3 - 3*o**2 - o**3 - 8*o. What is d(t)?
-10
Let s(v) = -37 + 2*v**2 - 68841*v - 5*v**2 + 2*v**2 + 68855*v. Give s(11).
-4
Let s(i) = i**3 - i**2 - i + 2. Suppose -24*c = 3*c + 27. Let w be 1 + c - 2*(1 + -2). Give s(w).
4
Let r(z) = 3*z**3 - 2*z**2 - 3*z + 3. Suppose -35*i + 30*i - 130 = 0. Let u = i - -33. Suppose 0 = -4*d + 2*s + 2, u = -0*d - d + 3*s. Determine r(d).
13
Let h(a) = 3*a + 11. Let l(m) = -21*m - 69. Let z(j) = 25*h(j) + 4*l(j). Suppose 3*y + 4*c + 19 = 0, 0*y + 22 = -2*y - 5*c. Determine z(y).
8
Let z(j) be the first derivative of -11*j + 1/3*j**3 + 16 + 9/2*j**2. Give z(-11).
11
Let h = 1939 - 1933. Let o(k) = -k - 2*k - 5*k**2 - 3*k**3 - 6 + 4*k**3. Give o(h).
12
Let n(f) = -2*f - 9. Let z be 8/(-3)*(-6)/4. Let t(s) be the second derivative of -5*s**3/6 + 13*s**2/2 - 34*s - 3. Let m be t(z). Give n(m).
5
Let o(j) = -11*j + 84. Let w be o(7). Let h(a) = 3*a**2 - 24*a + 9. Determine h(w).
-12
Let g(u) = u**3 - 25*u**2 - 29*u + 31. Let v be g(26). Let r = 57 + v. Let o be 2 - ((-18)/10)/((-3)/r). Let m(h) = -h**3 - 5*h**2 - 5*h - 6. What is m(o)?
-2
Suppose 16 = 5*f + 4*w - 14, -2*f - w = -9. Let q(x) = x**2 + 11*x - 25. What is q(f)?
1
Let m(l) = -26 - 6*l**2 + 22*l**2 - 4*l**3 + 5*l**3 - 2*l**3 + 2*l - 4*l**2. Calculate m(12).
-2
Let a(k) be the second derivative of -k**6/240 - k**5/120 - 38*k**4/3 + 162*k. Let y(f) be the third derivative of a(f). Determine y(-6).
17
Let n(d) = -625*d + 57 + 330*d + 297*d. Determine n(-10).
37
Let v(w) = w**2 + 3*w - 1. Let j(y) = y**3 + y. Let r(b) = -j(b) + v(b). Suppose -4*h = -3*a - 2137 + 2169, -5*a = -h - 42. What is r(h)?
7
Let l(d) be the first derivative of 2*d**3/3 + 3*d**2/2 - 2*d + 1. Let s = 45 + -40. Suppose -s*j - 18 = j. Give l(j).
7
Let y(i) be the third derivative of -i**6/120 + 11*i**5/60 - i**4/8 + 19*i**3/6 - 4796*i**2. What is y(11)?
-14
Let g be 1 - 4 - (-12922)/994. Let t(p) = -17*p + 24. Determine t(g).
-146
Let d(a) = -7*a + 6. Let v(m) = -6*m + 5. Let q(s) = -5*d(s) + 6*v(s). Suppose -10*h - 81 = -91. Calculate q(h).
-1
Suppose -3*d - 6 = 12. Let h(o) = -o**2 + 6*o + 37. Let l be h(9). Let q(b) = -58*b - 7 + 59*b + l. Give q(d).
-3
Let x = 4 + -7. Let m(s) = -s**3 - 3*s**2 + 4*s + 17. Let v be m(x). Let l(k) = -4 + 5*k + 3*k**2 + 9 - 4*k**2. Determine l(v).
5
Let u(q) be the third derivative of -q**7/840 + q**6/180 + 7*q**5/120 - q**4/3 - 29*q**3/6 - 301*q**2. Let r(j) be the first derivative of u(j). Determine r(3).
4
Let i(q) = -50*q + 2036. Let f be i(41). Let g(s) = 4*s - 29. Give g(f).
-85
Let l(k) = -k**3 - 20*k**2 - 34*k + 44. Let d = -11041 - -11023. Give l(d).
8
Let r(k) = 132*k + 5. Let c(z) = 453*z + 14. Let q(b) = -2*c(b) + 7*r(b). Give q(-3).
-47
Suppose -3*r + 8 = -w, 0 = -4*w + 5*r - r - 24. Let i(b) = 0 + 2 + 17*b - 7 + b**2 - 36*b - 3 + 20*b. Determine i(w).
12
Suppose 9*c + 437 = 5. Let f be (c/15 - -2)*105/(-14). Let u(n) = n**3 - 10*n**2 + 8*n - 6. Give u(f).
-15
Let s be 3*((-122)/61)/((-6)/4). Let i(u) be the third derivative of 0 + 0*u - 1/24*u**s + 4/3*u**3 - 17*u**2. What is i(8)?
0
Let x(c) = 24*c - 48. Let p(z) = 10*z - 48. Let w(h) = -5*p(h) + 4*x(h). Determine w(-1).
2
Let i be ((-48)/(-20) - 2)/(1/85). Suppose -15 = -37*t + i*t. Let a(b) be the second derivative of -b**3/3 + 2*b**2 + 3*b. Calculate a(t).
-6
Let w(f) be the second derivative of -f**4/12 - f**3 + 7*f**2/2 - 4*f. Suppose -r + 58 - 63 = 0. Give w(r).
12
Let w(l) = 7*l - 110 - l + 117. Suppose 3*z - z - 5*y + 19 = 0, 12 = -3*z + 2*y. Calculate w(z).
-5
Suppose 228*m - 18 + 3 = 233*m. Let z(g) = 11*g + 25. Give z(m).
-8
Let i = -22 - -40. Let o be (1 - 5)/2 + (-162)/i. Let l(a) = a + 6. What is l(o)?
-5
Let j(w) = 0*w - 322*w**2 + 2*w - 5 + 662*w**2 - 341*w**2 - 2. Give j(0).
-7
Let l(s) = 15*s - 3. Let j = 781 + -778. What is l(j)?
42
Let n(f) = -4*f + 144245 - 2*f**2 - 144242 - f**2 + 4*f**2. Determine n(9).
48
Let i(m) = 0*m + 0*m**2 + 2*m - 9841 + 0*m**2 + 9881 + m**3. What is i(0)?
40
Suppose -39 = -5*l + 21. Let f(b) = 31988*b + 31989*b - 63975*b - 18. What is f(l)?
6
Let a(u) be the third derivative of -u**7/840 - u**6/60 - u**5/20 - 35*u**3/3 + 18*u**2 + 4*u. Let g(s) be the first derivative of a(s). Calculate g(-5).
5
Let p(q) = q**3 + q - 6. Let l be p(0). Let n(c) be the third derivative of c**5/60 + c**4/6 - c**3 - 3233*c**2 - 1. What is n(l)?
6
Let j(z) = 2910*z + 14560. Let t be j(-5). Let b(m) = m**2 - 13*m + 7. Calculate b(t).
-23
Let d(f) = -2*f**2 + 2*f + 6. Let p(h) = 20*h - 636. Let t be p(32). Give d(t).
-18
Let q(z) = -z**3 - 10*z**2 + 10*z - 8. Let x(f) = -f**3 - 10*f**2 - 36*f + 8. Let w be x(-9). Suppose 5*g = 196 - w. Determine q(g).
3
Let f(t) = 2*t**2 - 9*t - 6. Let z(v) = -v**3 - 2*v**2 + 8*v + 5. Let k(o) = 6*f(o) + 7*z(o). Let m(a) = 12*a - 23. Let b be m(2). What is k(b)?
-8
Let a(i) be the first derivative of -i**3/3 - 7*i**2/2 - 8*i + 51. Calculate a(-10).
-38
Let r(x) = -x**3 + 12*x**2 + 9*x + 31. Suppose 0*b - 3*m = 4*b - 34, 67 = 7*b + 4*m. Give r(b).
-21
Let s(l) = -l**3 - 4*l**2 + 7*l + 4. Let i be (-50)/(-8) + 1/(-4). Suppose i*d - 3*d - 6 = 0. Suppose 0 = -d*g + 7*g + 25. Calculate s(g).
-6
Let y(i) = 5*i - 39. Suppose -30*v + 520 = 8*v + 2*v. Give y(v).
26
Let a(p) = 4*p**2 + 2*p + 4. Suppose 136 = 35*l - 4. Suppose l*t + 9 - 21 = -2*m, -2*t - 3*m = -6. What is a(t)?
46
Let n(z) = -49*z + 632. Let r be n(13). Let l(x) = x**3 + 3*x**2 - 10*x + 7. Calculate l(r).
7
Let r(y) = -y**3 - 18*y**2 - y - 16. Let z be r(-18). Let s be ((-1)/(-2))/(5/20). Let u(v) = v**z - 3 + 6*v - 5*v - 1 + s. Determine u(-2).
0
Suppose 65*r = 61*r + 8. Let i(q) = -q - 2 + r*q + 1 - 2 - 3*q. Give i(-4).
5
Let k(c) = c**2 - 11*c + 1. Let q(u) = -2*u**3 + 7*u**2 + 11*u - 18. Let h be q(4). Determine k(h).
-9
Let s(u) = u**3 - 6*u**2 - 2*u - 30. Let g(z) = 4*z**3 - 24*z**2 - 8*z - 120. Let q(x) = 2*g(x) - 9*s(x). Let c be q(7). Let l(i) = -3*i - 4. Calculate l(c).
11
Let t(c) be the second derivative of -c**4/12 - 3*c**3/2 - 3*c**2 + 568*c - 1. Determine t(-6).
12
Let v(x) = -109 - 132 - 348 + 67 - 74 - 16*x. Determine v(-38).
12
Let p be (-9 - -4) + 7 + -6. Let q(o) = 4*o - 4. Let s(g) be the first derivative of 5*g**2/2 - 3*g - 1. Let y(m) = p*q(m) + 3*s(m). Determine y(7).
0
Let u(w) = w**3 + 5*w**2 + 15*w + 58. Let r be u(-4). Suppose -d + 5*b = -7 - 14, -2*d + 3*b = -r. Let m(a) = -6*a - 1. Give m(d).
-7
Let i(t) = 964604*t - 964595*t - 2*t**2 + 12 + 1. What is i(4)?
17
Suppose 116*y + 331 = -17. Let w(a) = a**3 - 7*a**2 - 30*a - 6. Calculate w(y).
-6
Suppose 58*t - 488 = -64*t. Let n(v) = v**2 - 4*v - 8. Calculate n(t).
-8
Let o(p) = -3*p**3 + 26*p**2 + 11*p - 15. Suppose -17 = -3*r + 5*j, 5*j = -2*r + 17 + 11. Give o(r).
3
Let g(i) = 5*i**2 - 7*i + 4 - 177*i**3 + 16*i + 178*i**3. Determine g(-2).
-2
Suppose 250*s = -127*s - 2639. Let d(g) = 15*g + 129. Calculate d(s).
24
Let s(x) = 12*x - 18. Let y be s(1). Let h(c) = c**3 + 8*c**2 + 11*c - 9. What is h(y)?
-3
Let y = -134 - -125. Let q(u) = -u**3 - 8*u**2 + 8*u + 4. Let s(o) = -5*o**3 - 32*o**2 + 31*o + 17. Let w(f) = y*q(f) + 2*s(f). Calculate w(7).
-23
Let z(s) = 2*s**3 - s**2 + 8*s - 19. Let d(w) = -w**3 - w**2 - 2*w + 3. Let j(v) = -3*d(v) - z(v). Give j(-5).
-5
Let r(x) be the first derivative of -x**5/120 + 5*x**4/24 - 38*x**3/3 + 39. Let b(h) be the third derivative of r(h). What is b(7)?
-2
Let d(x) = 2*x**3 - x**2 + x - 2. Suppose